{"id":5629,"date":"2021-09-01T10:17:11","date_gmt":"2021-09-01T08:17:11","guid":{"rendered":"https:\/\/jamonappetit.com\/producto\/longe-iberique-de-bellota-2\/"},"modified":"2026-09-01T19:06:04","modified_gmt":"2026-09-01T17:06:04","slug":"longe-iberique-de-bellota-2","status":"publish","type":"product","link":"https:\/\/jamonappetit.com\/fr\/produit\/longe-iberique-de-bellota-2\/","title":{"rendered":"Longe Ib\u00e9rique de Bellota"},"content":{"rendered":"<p>Longe ib\u00e9rique de bellota provenant de porcs ib\u00e9riques \u00e9lev\u00e9s en libert\u00e9 dans les p\u00e2turages d&rsquo;Estr\u00e9madure, avec une alimentation exclusive \u00e0 base de glands et d&rsquo;herbes naturelles. La longe ib\u00e9rique de bellota est la viande que l&rsquo;on trouve dans le.<\/p>\n<p>Affinage: 4 mois.<\/p>\n<p>Livraison: 2-3 jours ouvrables.<\/p>\n<p>Poids: 0.350-0.450 kg<\/p>\n","protected":false},"excerpt":{"rendered":"<p>Ingr\u00e9dients:<\/p>\n<p>Longe de porc ib\u00e9rique, sel, pimenton de la Vera, ail, sucre, dextrose, antioxydant (E-301), conservateur (E-252)<\/p>\n<p>\u00c9levage: Extensif en p\u00e2turage, 12000 m\u00b2 pour chaque porc. Conservation : \u00c0 consommer de pr\u00e9f\u00e9rence dans les 12 mois.<\/p>\n<p><strong>Notes de d\u00e9gustation<\/strong>:<\/p>\n<p>Texture : Texture tendre, avec de multiples infiltrations de graisse vein\u00e9e brillante qui fond en bouche.<\/p>\n<p>Couleur : Du rouge pourpre intense au rose p\u00e2le. Ar\u00f4me : L\u00e9ger fum\u00e9e et pimenton, herbes de montagne et noix.<\/p>\n<p>Go\u00fbt : Harmonie parfaite entre le sucr\u00e9 et le sal\u00e9, aromatique et plein de nuances.<\/p>\n","protected":false},"featured_media":4370,"comment_status":"open","ping_status":"closed","template":"","meta":[],"product_brand":[],"product_cat":[310,321,348,312],"product_tag":[],"class_list":["post-5629","product","type-product","status-publish","has-post-thumbnail","product_cat-en-vedette","product_cat-meilleures-ventes","product_cat-produits-destremadure","product_cat-produits-jamon-appetit","first","instock","shipping-taxable","purchasable","product-type-simple","thumb-has-effect","prod-rating-off"],"_links":{"self":[{"href":"https:\/\/jamonappetit.com\/fr\/wp-json\/wp\/v2\/product\/5629","targetHints":{"allow":["GET"]}}],"collection":[{"href":"https:\/\/jamonappetit.com\/fr\/wp-json\/wp\/v2\/product"}],"about":[{"href":"https:\/\/jamonappetit.com\/fr\/wp-json\/wp\/v2\/types\/product"}],"replies":[{"embeddable":true,"href":"https:\/\/jamonappetit.com\/fr\/wp-json\/wp\/v2\/comments?post=5629"}],"wp:featuredmedia":[{"embeddable":true,"href":"https:\/\/jamonappetit.com\/fr\/wp-json\/wp\/v2\/media\/4370"}],"wp:attachment":[{"href":"https:\/\/jamonappetit.com\/fr\/wp-json\/wp\/v2\/media?parent=5629"}],"wp:term":[{"taxonomy":"product_brand","embeddable":true,"href":"https:\/\/jamonappetit.com\/fr\/wp-json\/wp\/v2\/product_brand?post=5629"},{"taxonomy":"product_cat","embeddable":true,"href":"https:\/\/jamonappetit.com\/fr\/wp-json\/wp\/v2\/product_cat?post=5629"},{"taxonomy":"product_tag","embeddable":true,"href":"https:\/\/jamonappetit.com\/fr\/wp-json\/wp\/v2\/product_tag?post=5629"}],"curies":[{"name":"wp","href":"https:\/\/api.w.org\/{rel}","templated":true}]}}

Longe Ibérique de Bellota

<p>Longe ibérique de bellota provenant de porcs ibériques élevés en liberté dans les pâturages d&rsquo;Estrémadure, avec une alimentation exclusive à base de glands et d&rsquo;herbes naturelles. La longe ibérique de bellota est la viande que l&rsquo;on trouve dans le.</p>
<p>Affinage: 4 mois.</p>
<p>Livraison: 2-3 jours ouvrables.</p>
<p>Poids: 0.350-0.450 kg</p>

<p>Ingrédients:</p>
<p>Longe de porc ibérique, sel, pimenton de la Vera, ail, sucre, dextrose, antioxydant (E-301), conservateur (E-252)</p>
<p>Élevage: Extensif en pâturage, 12000 m² pour chaque porc. Conservation : À consommer de préférence dans les 12 mois.</p>
<p><strong>Notes de dégustation</strong>:</p>
<p>Texture : Texture tendre, avec de multiples infiltrations de graisse veinée brillante qui fond en bouche.</p>
<p>Couleur : Du rouge pourpre intense au rose pâle. Arôme : Léger fumée et pimenton, herbes de montagne et noix.</p>
<p>Goût : Harmonie parfaite entre le sucré et le salé, aromatique et plein de nuances.</p>
