{"id":4919,"date":"2022-10-09T19:08:52","date_gmt":"2022-10-09T17:08:52","guid":{"rendered":"https:\/\/jamonappetit.com\/?post_type=product&#038;p=4919"},"modified":"2026-09-01T18:47:42","modified_gmt":"2026-09-01T16:47:42","slug":"paprika-de-la-vera-doux","status":"publish","type":"product","link":"https:\/\/jamonappetit.com\/fr\/produit\/paprika-de-la-vera-doux\/","title":{"rendered":"Paprika de la Vera doux"},"content":{"rendered":"<p>Dans La Vera, le piment utilis\u00e9 pour faire le paprika jouit d\u2019un microclimat<br \/>\nprivil\u00e9gi\u00e9 pour son d\u00e9veloppement naturel, prot\u00e9g\u00e9 par les sommets abrupts de la<br \/>\nmontagne de la Sierra de Gredos, \u00e0 c\u00f4t\u00e9 des gorges et des vall\u00e9es fertiles long\u00e9es<br \/>\npar la rivi\u00e8re Ti\u00e9tar.<br \/>\nLes piments cultiv\u00e9s sont de l\u2019esp\u00e8ce \u00ab Capsicum annuum \u00bb et les sous-esp\u00e8ces<br \/>\ncerasiforme et longum qui produisent trois vari\u00e9t\u00e9s de paprika : Doux, Aigre-doux<br \/>\net Piquant.<br \/>\nLe paprika de la Vera s\u2019obtient de la mouture des fruits m\u00fbrs et s\u00e9ch\u00e9s. Ces piments<br \/>\nsont s\u00e9ch\u00e9s avec du bois de ch\u00eane et de ch\u00eane-vert, lequel g\u00e9n\u00e8re la chaleur<br \/>\nn\u00e9cessaire \u00e0 la parfaite d\u00e9shydratation des fruits qui donne au paprika de la Vera ses<br \/>\ntrois caract\u00e9ristiques principales : AR\u00d4ME, SAVEURS et STABILIT\u00c9 DE LA COULEUR.<\/p>\n","protected":false},"excerpt":{"rendered":"<p>Paprika de la Vera doux: 3,00\u20ac\/70gr<\/p>\n","protected":false},"featured_media":4505,"comment_status":"closed","ping_status":"closed","template":"","meta":[],"product_brand":[],"product_cat":[326,312],"product_tag":[],"class_list":["post-4919","product","type-product","status-publish","has-post-thumbnail","product_cat-produits-ecologiques-destremadure","product_cat-produits-jamon-appetit","first","instock","shipping-taxable","purchasable","product-type-simple","thumb-no-effect","prod-rating-off"],"_links":{"self":[{"href":"https:\/\/jamonappetit.com\/fr\/wp-json\/wp\/v2\/product\/4919","targetHints":{"allow":["GET"]}}],"collection":[{"href":"https:\/\/jamonappetit.com\/fr\/wp-json\/wp\/v2\/product"}],"about":[{"href":"https:\/\/jamonappetit.com\/fr\/wp-json\/wp\/v2\/types\/product"}],"replies":[{"embeddable":true,"href":"https:\/\/jamonappetit.com\/fr\/wp-json\/wp\/v2\/comments?post=4919"}],"wp:featuredmedia":[{"embeddable":true,"href":"https:\/\/jamonappetit.com\/fr\/wp-json\/wp\/v2\/media\/4505"}],"wp:attachment":[{"href":"https:\/\/jamonappetit.com\/fr\/wp-json\/wp\/v2\/media?parent=4919"}],"wp:term":[{"taxonomy":"product_brand","embeddable":true,"href":"https:\/\/jamonappetit.com\/fr\/wp-json\/wp\/v2\/product_brand?post=4919"},{"taxonomy":"product_cat","embeddable":true,"href":"https:\/\/jamonappetit.com\/fr\/wp-json\/wp\/v2\/product_cat?post=4919"},{"taxonomy":"product_tag","embeddable":true,"href":"https:\/\/jamonappetit.com\/fr\/wp-json\/wp\/v2\/product_tag?post=4919"}],"curies":[{"name":"wp","href":"https:\/\/api.w.org\/{rel}","templated":true}]}}

<p>Dans La Vera, le piment utilisé pour faire le paprika jouit d’un microclimat<br />
privilégié pour son développement naturel, protégé par les sommets abrupts de la<br />
montagne de la Sierra de Gredos, à côté des gorges et des vallées fertiles longées<br />
par la rivière Tiétar.<br />
Les piments cultivés sont de l’espèce « Capsicum annuum » et les sous-espèces<br />
cerasiforme et longum qui produisent trois variétés de paprika : Doux, Aigre-doux<br />
et Piquant.<br />
Le paprika de la Vera s’obtient de la mouture des fruits mûrs et séchés. Ces piments<br />
sont séchés avec du bois de chêne et de chêne-vert, lequel génère la chaleur<br />
nécessaire à la parfaite déshydratation des fruits qui donne au paprika de la Vera ses<br />
trois caractéristiques principales : ARÔME, SAVEURS et STABILITÉ DE LA COULEUR.</p>
