{"id":3713,"date":"2018-06-07T15:58:43","date_gmt":"2018-06-07T13:58:43","guid":{"rendered":"http:\/\/jamonappetit.com\/la-dehesa\/"},"modified":"2018-06-20T10:51:36","modified_gmt":"2018-06-20T08:51:36","slug":"la-dehesa","status":"publish","type":"page","link":"https:\/\/jamonappetit.com\/fr\/la-dehesa\/","title":{"rendered":"La Dehesa"},"content":{"rendered":"<div class=\"wpb-content-wrapper\"><p>[vc_row full_width=\u00a0\u00bbstretch_row\u00a0\u00bb disable_element=\u00a0\u00bbyes\u00a0\u00bb css=\u00a0\u00bb.vc_custom_1521727527928{background-image: url(http:\/\/jamonappetit.com\/wp-content\/uploads\/2018\/03\/fondofrase.jpg?id=3445) !important;}\u00a0\u00bb][vc_column][la_divider height=\u00a0\u00bblg:30px;\u00a0\u00bb][la_heading title=\u00a0\u00bbEl entorno\u00a0\u00bb][\/la_heading][la_divider height=\u00a0\u00bblg:30px;\u00a0\u00bb][\/vc_column][\/vc_row][vc_row][vc_column][vc_column_text el_class=\u00a0\u00bbfont-size-14 margin-bottom-25&Prime;]La dehesa est un \u00e9cosyst\u00e8me de for\u00eats m\u00e9diterran\u00e9ennes unique et propre au Sud-Ouest de l&rsquo;Espagne. Dans la r\u00e9gion d&rsquo;Estr\u00e9madure, la dehesa occupe plus de la moiti\u00e9 du territoire avec pr\u00e8s de 2 millions d&rsquo;hectares dans lesquels se d\u00e9veloppent ch\u00eanes verts, ch\u00eanes li\u00e8ges et autres esp\u00e8ces vari\u00e9es.[\/vc_column_text][vc_single_image image=\u00a0\u00bb3661&Prime; img_size=\u00a0\u00bbfull\u00a0\u00bb alignment=\u00a0\u00bbcenter\u00a0\u00bb][vc_column_text el_class=\u00a0\u00bbfont-size-14 margin-bottom-25&Prime;]Depuis le ciel la dehesa estr\u00e9madurienne est comme un vaste oc\u00e9an vert ponctu\u00e9 de touches blanches que forment ses villages blancs. Mais depuis la terre ferme, pour les promeneurs c&rsquo;est un bois qui d\u00e9borde de vie, un paradis pour la flore et la faune ib\u00e9rique ; un \u00e9cosyst\u00e8me o\u00f9 l&rsquo;utopie d&rsquo;harmonie entre l&rsquo;homme et son environnement se fait r\u00e9alit\u00e9.[\/vc_column_text][vc_column_text el_class=\u00a0\u00bbfont-size-14 margin-bottom-25&Prime;]La dehesa est un exemple unique de d\u00e9veloppement durable dans lequel un \u00e9quilibre est atteint entre l&rsquo;obtention de produits naturels et la conservation du milieu, c&rsquo;est comme qui dirait une for\u00eat domestiqu\u00e9e par l&rsquo;homme.[\/vc_column_text][vc_column_text el_class=\u00a0\u00bbfont-size-14 margin-bottom-25&Prime;]La dehesa est une de ces merveilles de la nature qui se conservent encore dans le monde, le Porc Ib\u00e9rique qui a pris ces racines depuis bien longtemps dans ce territoire poss\u00e8de une g\u00e9n\u00e9tique nulle part \u00e9gal\u00e9e, il est \u00e9lev\u00e9 \u00e0 l&rsquo;air libre dans ces paysages uniques et profite d&rsquo;une vie paisible en symbiose avec son environnement.<\/p>\n<p>Dans ces bois ancestraux pleins de magie, les ch\u00eanes verts d\u00e9veloppent chaque jour leur g\u00e9nie protecteur de la vie dans ces territoires retir\u00e9s du monde o\u00f9 le temps parait s&rsquo;arr\u00eater et o\u00f9 chaque automne, lorsque le ciel devient gris, ces esp\u00e8ces se pr\u00e9parent au miracle de la fructification. Chaque ann\u00e9e apr\u00e8s l&rsquo;apparition des premi\u00e8res pluies, les dehesas se transforment en un tapis vert parsem\u00e9 de millions de bellotas qui annoncent l&rsquo;automne et permettent la \u201cMontanera\u201d, l&rsquo;\u00e9levage en pacage des porcs.[\/vc_column_text][vc_column_text el_class=\u00a0\u00bbfont-size-14 margin-bottom-25&Prime;]Pendant la Montanera (l&rsquo;\u00e9levage en pacage), qui se d\u00e9roule d&rsquo;octobre \u00e0 mars, les \u00e9leveurs supervisent l&rsquo;alimentation des Porcs Ib\u00e9riques exclusivement \u00e0 base de glands y de fourrages verts, ils surveillent leur poids et contr\u00f4lent la croissance de chacun d&rsquo;eux. Au d\u00e9but de la Montanera, les animaux p\u00e8sent environ 90 kilogrammes et peuvent peser jusqu&rsquo;\u00e0 160 kg \u00e0 la fin de la saison.[\/vc_column_text][vc_column_text el_class=\u00a0\u00bbfont-size-14 margin-bottom-25&Prime;]L&rsquo;environnement, l&rsquo;histoire et les traditions d&rsquo;Estr\u00e9madure ont fait de la r\u00e9gion une r\u00e9f\u00e9rente gastronomique devenant le principal territoire de production du porc ib\u00e9rique d&rsquo;Espagne et assurant la reconnaissance d&rsquo;un jambon de qualit\u00e9 obtenu par l&rsquo;\u00e9levage d&rsquo;animaux aliment\u00e9s aux glands des ch\u00e8nes de la dehesa.[\/vc_column_text][\/vc_column][\/vc_row][vc_row][vc_column][la_divider height=\u00a0\u00bblg:30px;\u00a0\u00bb][vc_single_image image=\u00a0\u00bb3662&Prime; img_size=\u00a0\u00bbfull\u00a0\u00bb][\/vc_column][\/vc_row][vc_row full_width=\u00a0\u00bbstretch_row\u00a0\u00bb disable_element=\u00a0\u00bbyes\u00a0\u00bb use_grad=\u00a0\u00bbyes\u00a0\u00bb css=\u00a0\u00bb.vc_custom_1521727269370{background-image: url(http:\/\/jamonappetit.com\/wp-content\/uploads\/2018\/03\/fondofrase.jpg?id=3445) !important;}\u00a0\u00bb bg_grad=\u00a0\u00bbbackground: -webkit-gradient(linear, left top, left bottom, color-stop(0%, #ABCCAD), color-stop(100%, #DEDE7C));background: -moz-linear-gradient(top,#ABCCAD 0%,#DEDE7C 100%);background: -webkit-linear-gradient(top,#ABCCAD 0%,#DEDE7C 100%);background: -o-linear-gradient(top,#ABCCAD 0%,#DEDE7C 100%);background: -ms-linear-gradient(top,#ABCCAD 0%,#DEDE7C 100%);background: linear-gradient(top,#ABCCAD 0%,#DEDE7C 100%);\u00a0\u00bb][vc_column][la_divider height=\u00a0\u00bblg:30px;\u00a0\u00bb][la_heading title=\u00a0\u00bbNutrici\u00f3n\u00a0\u00bb][\/la_heading][la_divider height=\u00a0\u00bblg:30px;\u00a0\u00bb][\/vc_column][\/vc_row][vc_row disable_element=\u00a0\u00bbyes\u00a0\u00bb][vc_column width=\u00a0\u00bb1\/4&Prime;][la_divider height=\u00a0\u00bblg:30px;\u00a0\u00bb][vc_gallery interval=\u00a0\u00bb3&Prime; images=\u00a0\u00bb3467,3468,3469&Prime; img_size=\u00a0\u00bblarge\u00a0\u00bb][\/vc_column][vc_column width=\u00a0\u00bb3\/4&Prime;][la_divider height=\u00a0\u00bblg:30px;\u00a0\u00bb][vc_column_text]a[\/vc_column_text][vc_column_text]a[\/vc_column_text][\/vc_column][\/vc_row][vc_row disable_element=\u00a0\u00bbyes\u00a0\u00bb][vc_column][la_divider height=\u00a0\u00bblg:30px;\u00a0\u00bb][vc_column_text]a[\/vc_column_text][la_divider height=\u00a0\u00bblg:30px;\u00a0\u00bb][\/vc_column][\/vc_row]<\/p>\n<\/div>","protected":false},"excerpt":{"rendered":"<p>[vc_row full_width=\u00a0\u00bbstretch_row\u00a0\u00bb disable_element=\u00a0\u00bbyes\u00a0\u00bb css=\u00a0\u00bb.vc_custom_1521727527928{background-image: url(http:\/\/jamonappetit.com\/wp-content\/uploads\/2018\/03\/fondofrase.jpg?id=3445) !important;}\u00a0\u00bb][vc_column][la_divider height=\u00a0\u00bblg:30px;\u00a0\u00bb][la_heading title=\u00a0\u00bbEl entorno\u00a0\u00bb][\/la_heading][la_divider height=\u00a0\u00bblg:30px;\u00a0\u00bb][\/vc_column][\/vc_row][vc_row][vc_column][vc_column_text el_class=\u00a0\u00bbfont-size-14 margin-bottom-25&Prime;]La dehesa est un \u00e9cosyst\u00e8me de for\u00eats m\u00e9diterran\u00e9ennes unique&hellip;<\/p>\n","protected":false},"author":1,"featured_media":0,"parent":0,"menu_order":0,"comment_status":"closed","ping_status":"closed","template":"","meta":{"footnotes":""},"class_list":["post-3713","page","type-page","status-publish","hentry"],"_links":{"self":[{"href":"https:\/\/jamonappetit.com\/fr\/wp-json\/wp\/v2\/pages\/3713","targetHints":{"allow":["GET"]}}],"collection":[{"href":"https:\/\/jamonappetit.com\/fr\/wp-json\/wp\/v2\/pages"}],"about":[{"href":"https:\/\/jamonappetit.com\/fr\/wp-json\/wp\/v2\/types\/page"}],"author":[{"embeddable":true,"href":"https:\/\/jamonappetit.com\/fr\/wp-json\/wp\/v2\/users\/1"}],"replies":[{"embeddable":true,"href":"https:\/\/jamonappetit.com\/fr\/wp-json\/wp\/v2\/comments?post=3713"}],"version-history":[{"count":9,"href":"https:\/\/jamonappetit.com\/fr\/wp-json\/wp\/v2\/pages\/3713\/revisions"}],"predecessor-version":[{"id":3722,"href":"https:\/\/jamonappetit.com\/fr\/wp-json\/wp\/v2\/pages\/3713\/revisions\/3722"}],"wp:attachment":[{"href":"https:\/\/jamonappetit.com\/fr\/wp-json\/wp\/v2\/media?parent=3713"}],"curies":[{"name":"wp","href":"https:\/\/api.w.org\/{rel}","templated":true}]}}

<div class="wpb-content-wrapper"><p>[vc_row full_width= »stretch_row » disable_element= »yes » css= ».vc_custom_1521727527928{background-image: url(http://jamonappetit.com/wp-content/uploads/2018/03/fondofrase.jpg?id=3445) !important;} »][vc_column][la_divider height= »lg:30px; »][la_heading title= »El entorno »][/la_heading][la_divider height= »lg:30px; »][/vc_column][/vc_row][vc_row][vc_column][vc_column_text el_class= »font-size-14 margin-bottom-25&Prime;]La dehesa est un écosystème de forêts méditerranéennes unique et propre au Sud-Ouest de l&rsquo;Espagne. Dans la région d&rsquo;Estrémadure, la dehesa occupe plus de la moitié du territoire avec près de 2 millions d&rsquo;hectares dans lesquels se développent chênes verts, chênes lièges et autres espèces variées.[/vc_column_text][vc_single_image image= »3661&Prime; img_size= »full » alignment= »center »][vc_column_text el_class= »font-size-14 margin-bottom-25&Prime;]Depuis le ciel la dehesa estrémadurienne est comme un vaste océan vert ponctué de touches blanches que forment ses villages blancs. Mais depuis la terre ferme, pour les promeneurs c&rsquo;est un bois qui déborde de vie, un paradis pour la flore et la faune ibérique ; un écosystème où l&rsquo;utopie d&rsquo;harmonie entre l&rsquo;homme et son environnement se fait réalité.[/vc_column_text][vc_column_text el_class= »font-size-14 margin-bottom-25&Prime;]La dehesa est un exemple unique de développement durable dans lequel un équilibre est atteint entre l&rsquo;obtention de produits naturels et la conservation du milieu, c&rsquo;est comme qui dirait une forêt domestiquée par l&rsquo;homme.[/vc_column_text][vc_column_text el_class= »font-size-14 margin-bottom-25&Prime;]La dehesa est une de ces merveilles de la nature qui se conservent encore dans le monde, le Porc Ibérique qui a pris ces racines depuis bien longtemps dans ce territoire possède une génétique nulle part égalée, il est élevé à l&rsquo;air libre dans ces paysages uniques et profite d&rsquo;une vie paisible en symbiose avec son environnement.</p>
<p>Dans ces bois ancestraux pleins de magie, les chênes verts développent chaque jour leur génie protecteur de la vie dans ces territoires retirés du monde où le temps parait s&rsquo;arrêter et où chaque automne, lorsque le ciel devient gris, ces espèces se préparent au miracle de la fructification. Chaque année après l&rsquo;apparition des premières pluies, les dehesas se transforment en un tapis vert parsemé de millions de bellotas qui annoncent l&rsquo;automne et permettent la “Montanera”, l&rsquo;élevage en pacage des porcs.[/vc_column_text][vc_column_text el_class= »font-size-14 margin-bottom-25&Prime;]Pendant la Montanera (l&rsquo;élevage en pacage), qui se déroule d&rsquo;octobre à mars, les éleveurs supervisent l&rsquo;alimentation des Porcs Ibériques exclusivement à base de glands y de fourrages verts, ils surveillent leur poids et contrôlent la croissance de chacun d&rsquo;eux. Au début de la Montanera, les animaux pèsent environ 90 kilogrammes et peuvent peser jusqu&rsquo;à 160 kg à la fin de la saison.[/vc_column_text][vc_column_text el_class= »font-size-14 margin-bottom-25&Prime;]L&rsquo;environnement, l&rsquo;histoire et les traditions d&rsquo;Estrémadure ont fait de la région une référente gastronomique devenant le principal territoire de production du porc ibérique d&rsquo;Espagne et assurant la reconnaissance d&rsquo;un jambon de qualité obtenu par l&rsquo;élevage d&rsquo;animaux alimentés aux glands des chènes de la dehesa.[/vc_column_text][/vc_column][/vc_row][vc_row][vc_column][la_divider height= »lg:30px; »][vc_single_image image= »3662&Prime; img_size= »full »][/vc_column][/vc_row][vc_row full_width= »stretch_row » disable_element= »yes » use_grad= »yes » css= ».vc_custom_1521727269370{background-image: url(http://jamonappetit.com/wp-content/uploads/2018/03/fondofrase.jpg?id=3445) !important;} » bg_grad= »background: -webkit-gradient(linear, left top, left bottom, color-stop(0%, #ABCCAD), color-stop(100%, #DEDE7C));background: -moz-linear-gradient(top,#ABCCAD 0%,#DEDE7C 100%);background: -webkit-linear-gradient(top,#ABCCAD 0%,#DEDE7C 100%);background: -o-linear-gradient(top,#ABCCAD 0%,#DEDE7C 100%);background: -ms-linear-gradient(top,#ABCCAD 0%,#DEDE7C 100%);background: linear-gradient(top,#ABCCAD 0%,#DEDE7C 100%); »][vc_column][la_divider height= »lg:30px; »][la_heading title= »Nutrición »][/la_heading][la_divider height= »lg:30px; »][/vc_column][/vc_row][vc_row disable_element= »yes »][vc_column width= »1/4&Prime;][la_divider height= »lg:30px; »][vc_gallery interval= »3&Prime; images= »3467,3468,3469&Prime; img_size= »large »][/vc_column][vc_column width= »3/4&Prime;][la_divider height= »lg:30px; »][vc_column_text]a[/vc_column_text][vc_column_text]a[/vc_column_text][/vc_column][/vc_row][vc_row disable_element= »yes »][vc_column][la_divider height= »lg:30px; »][vc_column_text]a[/vc_column_text][la_divider height= »lg:30px; »][/vc_column][/vc_row]</p>
</div>

<p>[vc_row full_width= »stretch_row » disable_element= »yes » css= ».vc_custom_1521727527928{background-image: url(http://jamonappetit.com/wp-content/uploads/2018/03/fondofrase.jpg?id=3445) !important;} »][vc_column][la_divider height= »lg:30px; »][la_heading title= »El entorno »][/la_heading][la_divider height= »lg:30px; »][/vc_column][/vc_row][vc_row][vc_column][vc_column_text el_class= »font-size-14 margin-bottom-25&Prime;]La dehesa est un écosystème de forêts méditerranéennes unique&hellip;</p>
